{"id":83,"date":"2020-08-01T22:35:08","date_gmt":"2020-08-01T20:35:08","guid":{"rendered":"http:\/\/sq8l.pzk.pl\/?page_id=83"},"modified":"2023-10-05T19:59:09","modified_gmt":"2023-10-05T17:59:09","slug":"vp-digi-tani-i-funkcjonalny-sterownik-digipeatera-aprs-wraz-z-modemem-kiss","status":"publish","type":"page","link":"https:\/\/sq8l.pzk.pl\/index.php\/vp-digi-tani-i-funkcjonalny-sterownik-digipeatera-aprs-wraz-z-modemem-kiss\/","title":{"rendered":"VP-Digi: otwarto\u017ar\u00f3d\u0142owy, tani i funkcjonalny sterownik digipeatera APRS wraz z modemem KISS"},"content":{"rendered":"\n<p><mark style=\"background-color:rgba(0, 0, 0, 0)\" class=\"has-inline-color has-vivid-red-color\"><strong>English version is available <a href=\"https:\/\/sq8l.pzk.pl\/index.php\/vp-digi-cheap-and-functional-aprs-digipeater-controller-with-kiss-modem\/\">here<\/a>.<\/strong><\/mark><\/p>\n\n\n\n<p><strong>VP-Digi<\/strong>:<br>VP-Digi jest bardzo tanim, otwarto\u017ar\u00f3d\u0142owym, prostym w z\u0142o\u017ceniu i uruchomieniu, a jednocze\u015bnie funkcjonalnym sterownikiem digipeatera APRS, oferuj\u0105cym tak\u017ce funkcj\u0119 modemu KISS czy monitora ramek.<\/p>\n\n\n\n<p>Urz\u0105dzenie jest oparte na popularnej p\u0142ytce zwanej Blue Pill, zawieraj\u0105cej mikrokontroler STM32F103C8T6. P\u0142ytka ta jest bezproblemowo dost\u0119pna w polskich i chi\u0144skich serwisach aukcyjnych, a kosztuje <strong>mniej ni\u017c 20 z\u0142.<\/strong> Do z\u0142o\u017cenia ca\u0142ego urz\u0105dzenia potrzebne jest zaledwie kilka dodatkowych element\u00f3w zewn\u0119trznych.<br>Zastosowanie procesora STM32 daje znacznie wi\u0119ksze mo\u017cliwo\u015bci w por\u00f3wnaniu z podobnymi urz\u0105dzeniami opartymi na Arduino, przy bardzo podobnych kosztach.<\/p>\n\n\n\n<figure class=\"wp-block-image size-large\"><img decoding=\"async\" loading=\"lazy\" width=\"1024\" height=\"776\" src=\"https:\/\/sq8l.pzk.pl\/wp-content\/uploads\/2020\/08\/IMG_20200801_222557-1-1024x776.jpg\" alt=\"\" class=\"wp-image-320\" srcset=\"https:\/\/sq8l.pzk.pl\/wp-content\/uploads\/2020\/08\/IMG_20200801_222557-1-1024x776.jpg 1024w, https:\/\/sq8l.pzk.pl\/wp-content\/uploads\/2020\/08\/IMG_20200801_222557-1-300x227.jpg 300w, https:\/\/sq8l.pzk.pl\/wp-content\/uploads\/2020\/08\/IMG_20200801_222557-1-768x582.jpg 768w, https:\/\/sq8l.pzk.pl\/wp-content\/uploads\/2020\/08\/IMG_20200801_222557-1-1536x1164.jpg 1536w, https:\/\/sq8l.pzk.pl\/wp-content\/uploads\/2020\/08\/IMG_20200801_222557-1-2048x1552.jpg 2048w\" sizes=\"(max-width: 1024px) 100vw, 1024px\" \/><\/figure>\n\n\n\n<p>VP-Digi daje do dyspozycji <strong>8 konfigurowalnych beacon\u00f3w<\/strong> oraz <strong>digipeater APRS<\/strong>, kt\u00f3ry umo\u017cliwia ustawienie <strong>4 alias\u00f3w typu n-N<\/strong> (np. WIDEn-N, SPn-N) oraz <strong>4 alias\u00f3w prostych<\/strong> (np. MIASTO). Ponadto digipeater wyposa\u017cony jest w znan\u0105 z aprx funkcj\u0119 <strong>viscous delay<\/strong>, kt\u00f3ra pozwala znacznie ograniczy\u0107 ilo\u015b\u0107 niepotrzebnie przerzucanych pakiet\u00f3w. Mo\u017cliwe jest tak\u017ce filtrowanie ramek po znaku nadawcy w trybie <strong>czarnej listy<\/strong> lub bia\u0142ej listy. Digipeater mo\u017ce dzia\u0142a\u0107 zar\u00f3wno jako digi regionalne, jak i pomocnicze.<\/p>\n\n\n\n<p>Urz\u0105dzenie wyposa\u017cone jest w <strong>port USB<\/strong> i <strong>dwa porty UART<\/strong>, z kt\u00f3rych ka\u017cdy mo\u017ce niezale\u017cnie od siebie dzia\u0142a\u0107 w trybie TNC KISS, monitora ramek lub konfiguracji. Konfiguracja jest dokonywana za pomoc\u0105 prostych komend u\u017cywaj\u0105c dowolnego programu terminalowego i zapisywana do wbudowanej pami\u0119ci flash.<\/p>\n\n\n\n<figure class=\"wp-block-image size-large is-resized\"><img decoding=\"async\" loading=\"lazy\" src=\"https:\/\/sq8l.pzk.pl\/wp-content\/uploads\/2020\/07\/aaaaa-1024x520.png\" alt=\"\" class=\"wp-image-298\" width=\"664\" height=\"337\" srcset=\"https:\/\/sq8l.pzk.pl\/wp-content\/uploads\/2020\/07\/aaaaa-1024x520.png 1024w, https:\/\/sq8l.pzk.pl\/wp-content\/uploads\/2020\/07\/aaaaa-300x152.png 300w, https:\/\/sq8l.pzk.pl\/wp-content\/uploads\/2020\/07\/aaaaa-768x390.png 768w, https:\/\/sq8l.pzk.pl\/wp-content\/uploads\/2020\/07\/aaaaa.png 1051w\" sizes=\"(max-width: 664px) 100vw, 664px\" \/><figcaption class=\"wp-element-caption\">Tryb monitora<\/figcaption><\/figure>\n\n\n\n<p>Od wersji 2.0.0 VP-Digi wyposa\u017cone jest w cztery modemy: <strong>1200 Bd<\/strong> Bell 202 (standard VHF), <strong>9600 Bd<\/strong> G3RUH (standard UHF), <strong>300 Bd<\/strong> Bell 103 (standard HF) oraz 1200 Bd V.23 (alternatywny standard VHF).<\/p>\n\n\n\n<p>Od wersji 2.0.0 obs\u0142ugiwany jest r\u00f3wnie\u017c protok\u00f3\u0142 <strong>FX.25<\/strong>, pozwalaj\u0105cy na korekcj\u0119 b\u0142\u0119d\u00f3w w ramkach, co przek\u0142ada si\u0119 na zwi\u0119kszenie zasi\u0119gu stacji. Protok\u00f3\u0142 ten jest w pe\u0142ni kompatybilny z oryginalnym AX.25. <\/p>\n\n\n\n<p>Ponadto zaimplementowane jest <strong>cyfrowe wykrywanie zaj\u0119to\u015bci kana\u0142u (DCD)<\/strong>, oparte o wykrywanie prawid\u0142owego sygna\u0142u moduluj\u0105cego, a nie o sprawdzanie zdekodowanego ci\u0105gu danych, przez co jest znacznie bardziej efektywne i odporne na zak\u0142\u00f3cenia. Radiotelefon powinien mie\u0107 otwart\u0105 blokad\u0119 szum\u00f3w podczas pracy.<\/p>\n\n\n\n<p class=\"has-medium-font-size\">Pe\u0142na dokumentacja &#8211; uruchomienie, konfiguracja itp. &#8211; <a href=\"https:\/\/github.com\/sq8vps\/vp-digi\/blob\/main\/doc\/manual_pl.md\" data-type=\"URL\" data-id=\"https:\/\/github.com\/sq8vps\/vp-digi\/blob\/main\/doc\/manual_pl.md\">dost\u0119pna jest pod tym linkiem<\/a>.<\/p>\n\n\n\n<p class=\"has-medium-font-size\">Najnowszy wsad do procesora (HEX) <a href=\"https:\/\/github.com\/sq8vps\/vp-digi\/releases\/latest\" data-type=\"URL\" data-id=\"https:\/\/github.com\/sq8vps\/vp-digi\/releases\">dost\u0119pny jest pod tym linkiem<\/a>. <\/p>\n\n\n\n<p>Repozytorium z kodem \u017ar\u00f3d\u0142owym oprogramowania i dokumentacj\u0105 <a href=\"https:\/\/github.com\/sq8vps\/vp-digi\">dost\u0119pne jest pod tym linkiem<\/a>.<\/p>\n\n\n\n<p>Zmiany:<br>Rejestr zmian (powy\u017cej wersji 1.2.0) jest dost\u0119pny tylko <a href=\"https:\/\/github.com\/sq8vps\/vp-digi\/blob\/main\/CHANGELOG.md\" data-type=\"URL\" data-id=\"https:\/\/github.com\/sq8vps\/vp-digi\/blob\/main\/CHANGELOG.md\" target=\"_blank\" rel=\"noreferrer noopener\">tutaj<\/a>.<br>v. 1.2.0 &#8211; 10.09.2021 &#8211; upubliczniono kod. Program cz\u0119\u015bciowo przepisany. Tryby viscous-delay i direct-only w\u0142\u0105czane dla ka\u017cdego aliasu oddzielnie. W\u0142\u0105czany tryb dla radiotelefon\u00f3w z wyj\u015bciem flat audio. Komenda kasowania zapisanej konfiguracji.<br>v. 1.1.2 &#8211; 27.10.2020 &#8211; poprawka schematu, zmiana wyj\u015bcia diody RX z PB3 na PB5 (zmieni\u0142 si\u0119 schemat i oprogramowanie) &#8211; dzi\u0119kuj\u0119 Alfredo IZ7BOJ za zauwa\u017cenie problem\u00f3w<br>v. 1.1.1 &#8211; 10.09.2020 &#8211; poprawka b\u0142\u0119du (konfiguracja alias\u00f3w 4-7 digi by\u0142a wy\u015bwietlana niepoprawnie)<br>v. 1.1.0 &#8211; 02.08.2020 &#8211; zewn\u0119trzne diody TX i RX, lekka wewn\u0119trzna zmiana konfiguracji modemu<br>v. 1.0.0 &#8211; 01.08.2020 &#8211; pierwsze wydanie<\/p>\n","protected":false},"excerpt":{"rendered":"English version is available here. VP-Digi:VP-Digi jest bardzo tanim, otwarto\u017ar\u00f3d\u0142owym, prostym w z\u0142o\u017ceniu i uruchomieniu, a jednocze\u015bnie funkcjonalnym sterownikiem digipeatera APRS, oferuj\u0105cym tak\u017ce funkcj\u0119 modemu KISS czy monitora ramek. Urz\u0105dzenie jest oparte na popularnej p\u0142ytce zwanej Blue Pill, zawieraj\u0105cej mikrokontroler STM32F103C8T6. P\u0142ytka ta jest bezproblemowo dost\u0119pna w polskich i chi\u0144skich&hellip;\n","protected":false},"author":1,"featured_media":320,"parent":0,"menu_order":0,"comment_status":"closed","ping_status":"closed","template":"","meta":{"ngg_post_thumbnail":0},"_links":{"self":[{"href":"https:\/\/sq8l.pzk.pl\/index.php\/wp-json\/wp\/v2\/pages\/83"}],"collection":[{"href":"https:\/\/sq8l.pzk.pl\/index.php\/wp-json\/wp\/v2\/pages"}],"about":[{"href":"https:\/\/sq8l.pzk.pl\/index.php\/wp-json\/wp\/v2\/types\/page"}],"author":[{"embeddable":true,"href":"https:\/\/sq8l.pzk.pl\/index.php\/wp-json\/wp\/v2\/users\/1"}],"replies":[{"embeddable":true,"href":"https:\/\/sq8l.pzk.pl\/index.php\/wp-json\/wp\/v2\/comments?post=83"}],"version-history":[{"count":42,"href":"https:\/\/sq8l.pzk.pl\/index.php\/wp-json\/wp\/v2\/pages\/83\/revisions"}],"predecessor-version":[{"id":873,"href":"https:\/\/sq8l.pzk.pl\/index.php\/wp-json\/wp\/v2\/pages\/83\/revisions\/873"}],"wp:featuredmedia":[{"embeddable":true,"href":"https:\/\/sq8l.pzk.pl\/index.php\/wp-json\/wp\/v2\/media\/320"}],"wp:attachment":[{"href":"https:\/\/sq8l.pzk.pl\/index.php\/wp-json\/wp\/v2\/media?parent=83"}],"curies":[{"name":"wp","href":"https:\/\/api.w.org\/{rel}","templated":true}]}}